i?
0
Let z(s) be the second derivative of -s**4/12 + 5*s**3/3 - 15*s**2/2 - 9*s. What is the remainder when 15 is divided by z(7)?
3
Suppose 5*c - 17 = -3*b, 19 + 2 = 4*c - 5*b. Suppose -570*h + 572*h = 6. What is the remainder when c is divided by h?
1
Let l(w) = w**3 + 3*w**2 - 4*w + 2. Let q be l(-4). Suppose -7 = -q*n + 3. What is the remainder when 6 is divided by n?
1
Suppose -5*x + 132 - 21 = 2*q, 0 = -3*x - 2*q + 69. Calculate the remainder when x is divided by 12.
9
Let g = -35 + 3. Let i = -6 - g. Let a = i + 9. What is the remainder when a is divided by 19?
16
Let g(y) = 23*y - 1039. Suppose -4*f + 96 = -128. Calculate the remainder when f is divided by g(46).
18
Let v(a) = 12 + 4*a - 5*a + 0*a. Calculate the remainder when (-4)/10 - (-154)/10 is divided by v(6).
3
Suppose -2*a - 73 = -3*t + 77, 5*t = -2*a + 234. Suppose -x + 156 = 3*x. Calculate the remainder when t is divided by 2*-3*x/(-18).
9
Let b = 1451 + -1368. Calculate the remainder when b is divided by 21.
20
Let t be -13*(-2 + -1)/3. Let h(b) = b**2 - 9*b + 17. What is the remainder when h(t) is divided by 24?
21
Let k = -86 + 171. Let v = 4 + -19. Let j = v + 37. What is the remainder when k is divided by j?
19
Let z = 32 - 25. What is the remainder when (33/6)/((-2)/(-12)) is divided by z?
5
Suppose -4*v + 31 + 61 = 0. What is the remainder when 320 is divided by v?
21
Let o(z) = -2*z + 4. Let c be o(5). What is the remainder when ((-45)/c)/(-5)*(-46)/3 is divided by 5?
3
Let n = 822 - 666. What is the remainder when n is divided by 16?
12
Let j(o) be the second derivative of -o**5/20 + 2*o**4/3 - 5*o**3/6 + 5*o**2 - 13*o. Calculate the remainder when 95 is divided by j(7).
23
What is the remainder when (3021/(-477))/((1/(-12))/1) is divided by 11?
10
Let o(f) = f - 6. Let p be o(5). Let c = 4 - p. Suppose c = w, -4*n - 2*w = -6*n + 72. What is the remainder when n is divided by 11?
8
Let t(q) = -2*q - 29. Calculate the remainder when t(-40) is divided by 28.
23
Let d(i) = i**2 - 12*i + 21. Suppose -2*n = -14 - 8. What is the remainder when (-2)/(-3) - (-158)/6 is divided by d(n)?
7
Let f = -7 + 10. Suppose -4*s + 4*i - 5*i + 78 = 0, 0 = -f*i - 6. Calculate the remainder when 37 is divided by s.
17
Let r be (6 - 4)/(4/6) + 0. Suppose -h - 2*h = r, 4*i + 3*h = 109. What is the remainder when 81 is divided by i?
25
Suppose -3*j = -53 - 10. Let s = j - 17. Let m(k) = -k**2 - k + 15. Calculate the remainder when m(0) is divided by s.
3
Let l(s) = 1 - 32*s + 11*s - 4 + 1. Calculate the remainder when l(-2) is divided by 8.
0
Suppose -82 - 350 = -3*n. Suppose 0 = -4*p + n - 36. What is the remainder when p is divided by 7?
6
Let g be -6*1/(-8)*-20. Let o(v) = 413*v + 833. Calculate the remainder when o(-2) is divided by (2/3)/((-2)/g).
2
Let x be 5/((-3)/(-9)*-1). Let p be ((-50)/x)/(2/3). Suppose 0 = p*n - 2*c - 23, c + 13 + 1 = 3*n. Calculate the remainder when 12 is divided by n.
2
Let h(t) = 6*t**2 + 37*t - 14. What is the remainder when h(-7) is divided by 19?
2
Let h = -5 - -3. Let y = h + 2. Suppose -3*f + 8*f - 130 = y. Calculate the remainder when f is divided by 14.
12
Let k(c) = 2*c**3 - 15*c**2 - 22*c. What is the remainder when k(9) is divided by 8?
5
Let b(n) = -n**2 + 10*n - 10. Let i = 74 - 66. What is the remainder when 38 is divided by b(i)?
2
Let k(x) = -x**2 + 4*x - 5. Let u be k(2). Let o = u - -19. What is the remainder when 53 is divided by o?
17
Suppose 0 = 84*u - 803 - 289. Calculate the remainder when 41 is divided by u.
2
Suppose k + 4*c = 67, -16*c + 20*c + 188 = 4*k. Calculate the remainder when k is divided by 14.
9
Suppose 13*o - 855 = 4*o. Calculate the remainder when o is divided by 51.
44
Let c(b) = -b - 9. Let l(n) = -n - 8. Let g(t) = -4*c(t) + 3*l(t). Let o be g(-8). Suppose o*h - 56 - 28 = 0. What is the remainder when h is divided by 11?
10
Calculate the remainder when 314 is divided by 16/16 - 1/(1/(-4)).
4
Let h = -636 - -642. Let w = 11 + -3. Let y = 2 + w. Calculate the remainder when y is divided by h.
4
Let u = 665 - 656. Suppose 3*s - 3*i = 171, 5*s - 144 - 159 = -i. Calculate the remainder when s is divided by u.
6
Suppose 140 = 22*b - 18*b. Suppose -5*p = h + 4, -3*h + 14 = -2*h - p. Calculate the remainder when b is divided by h.
2
Let v(h) = -h**3 + 6*h**2 - 3*h - 6. Let o be v(5). Let m(s) = 21*s - 182. Calculate the remainder when (-2)/(-8)*11*o is divided by m(9).
4
Let y be ((-12)/(-8) + -2)*50/(-1). Suppose p + 3*x + 1 - 10 = 0, p - 5*x = y. Calculate the remainder when p is divided by 4.
3
Let r(a) = a**3 + 22*a**2 + 88*a + 87. Calculate the remainder when 791 is divided by r(-17).
35
Suppose -3*v - 8*v = -99. Suppose 3*y + 2*d - v = 0, 0 = 2*y + 6*d - 2*d + 2. Let q = -43 + 66. What is the remainder when q is divided by y?
3
Let f = -2 - -17. Let v = f + -12. Let r = v + 19. Calculate the remainder when r is divided by 6.
4
Suppose 8*k - 3*b = 3*k + 20, 0 = -3*b. Suppose k*d - 2*d = 20. Calculate the remainder when d is divided by 6.
4
Calculate the remainder when ((-138)/2)/(3/(-5)) is divided by 4.
3
Let t = 30 + -25. Suppose -20 = t*k - 110. Calculate the remainder when 33 is divided by k.
15
Let h = -131 - -141. Calculate the remainder when (-147)/(-5) + 14/(-35) is divided by h.
9
Suppose -2*c + 188 = -24. Suppose 7*p - c = 118. Calculate the remainder when 222 is divided by p.
30
Suppose -p - 5 = -10. Suppose -2*m = 4*z - 4, -4*m - 7*z + 2*z = -p. Suppose m*r = -5*r + 60. What is the remainder when 46 is divided by r?
10
Let v = -13 - -13. Suppose -6*o + 18 - 6 = v. Suppose -5*p = -0*f - o*f - 122, 0 = 4*p - f - 97. Calculate the remainder when p is divided by 14.
10
Let j(y) = -y**3 + 6*y**2 + 21*y - 13. Let i be j(8). Suppose 4*t - i = -5*c, 0*t + 5*t = -5*c + 25. What is the remainder when c is divided by 2?
1
Suppose -5*c - 485 = 2*u, -u = -6*u - 5*c - 1190. Calculate the remainder when ((-4)/(-5))/((-2)/u) is divided by (432/(-120))/(15/(-200)*2).
22
Let z(v) = -8*v - 80. Suppose 2*u = -u + 75. Calculate the remainder when z(-19) is divided by u.
22
Let i = 56 - 25. Suppose -29*j - 186 = -i*j. Calculate the remainder when j is divided by 24.
21
Let p(s) = -6*s - 118. Calculate the remainder when 108 is divided by p(-22).
10
Suppose 0 = 11*x - x - 360. Calculate the remainder when 132 is divided by x.
24
Let j(q) = -22*q - 43. Calculate the remainder when j(-5) is divided by 20.
7
Let p(r) = -9*r - 2. Let o = 312 - 272. What is the remainder when o is divided by p(-2)?
8
Let k = -10 - -373. Suppose 4*x + 7*x = k. Let f = 10 - -7. What is the remainder when x is divided by f?
16
Suppose -o + 3 + 1 = 0. Let w be -2*o/16*-114. Let n = w - 26. Calculate the remainder when n is divided by 8.
7
Suppose -10*f + 2*f + 88 = 0. Let x = f - 5. Let p(w) = -w**3 + 6*w**2 + 11*w - 6. Calculate the remainder when p(7) is divided by x.
4
Let w(a) = -a - 574 + 0*a + 568. What is the remainder when 237 is divided by w(-23)?
16
Suppose -3*i = -11*n + 6*n, 25 = 5*i. Suppose -n*l - 22 + 58 = 0. What is the remainder when 4/1*22/4 is divided by l?
10
Suppose 2*j + 102 + 6 = 0. What is the remainder when (2/4)/((-1)/j) is divided by 7*(10 + (-4 - 5))?
6
Suppose 4*u - 4*p = 368, -8*u + 12*u + 5*p - 332 = 0. What is the remainder when 182 is divided by u?
6
Let q(i) = 7*i - 71. What is the remainder when q(18) is divided by 19?
17
Suppose 8*k - 5 = 35. Let f = 24 - k. What is the remainder when 32 is divided by f?
13
Suppose -5*a + 80 = -m, 15 = -4*a - 2*m + 79. What is the remainder when 1598 is divided by a?
14
Suppose -6*q = -q - 25. Suppose -c - 67 = -2*n + 2*c, 3*n + q*c - 53 = 0. What is the remainder when n is divided by 17?
9
Suppose -3120 = -6*l + 2*l. Suppose -l = 12*c - 7*c. Let r = -111 - c. Calculate the remainder when r is divided by 12.
9
Let f(h) = h**3 - h**2 + h + 1. Let t(z) = 5*z**3 + 3*z**2 + 7*z + 2. Let v(n) = -4*f(n) + t(n). Calculate the remainder when 46 is divided by v(-6).
14
Let b be 178*(44/(-8) + 4). Suppose 73 = 3*d - 3*v + v, -4*v = 8. Calculate the remainder when (-56)/84*b/2 is divided by d.
20
Suppose 2*v - 129 = 73. What is the remainder when 201 is divided by v?
100
Let r = -13 + 21. What is the remainder when 5/(60/668) - 4/6 is divided by r?
7
Suppose -4*w + 12 = -0. Suppose -4*n - 15 - 106